d(w) = 29*w**2 + 71*w + 381. Calculate d(-5).
751
Let z(o) = -o + 46. Give z(12).
34
Let j(i) = 332*i + 6892. Determine j(-21).
-80
Let g(k) = k**2 + 17*k + 32. Calculate g(-19).
70
Let s(a) = 23*a + 75. Determine s(-7).
-86
Let f(r) = -r**2 + 162*r - 2596. Calculate f(18).
-4
Let q(s) = s**3 - 19*s**2 - 49*s + 31. Give q(21).
-116
Let a(j) = 675*j + 34429. Calculate a(-51).
4
Let k(o) = 3*o**2 + 79*o + 361. What is k(-21)?
25
Let h(q) = -q**2 + 754*q - 5269. What is h(7)?
-40
Let a(c) = -c**3 + 6*c**2 + 42*c + 63. What is a(-3)?
18
Let x(g) = 16*g + 701. What is x(-43)?
13
Let r(h) = 22*h**2 - 24*h + 23. Determine r(1).
21
Let w(l) = 5*l**3 - 423*l**2 - 152*l - 1558. Determine w(85).
-28
Let t(q) = 38*q - 1979. What is t(41)?
-421
Let l(f) = 5*f**3 + 34*f**2 - 18*f - 83. What is l(-7)?
-6
Let u(g) = -10*g + 163. Give u(19).
-27
Let s(u) = -162*u + 1065. Calculate s(4).
417
Let p(g) = 13*g + 210. Calculate p(-19).
-37
Let j(t) = 200*t - 1424. Give j(7).
-24
Let b(f) = f**3 + 21*f**2 + 174*f + 789. Calculate b(-12).
-3
Let z(u) = u**2 + 8. Give z(-10).
108
Let x(p) = p**3 + 29*p + 73. What is x(0)?
73
Let j(p) = -2*p**2 - 4*p - 1. Calculate j(-13).
-287
Let r(b) = -b**3 - 121*b**2 - 235*b + 368. Give r(-119).
11
Let d(p) = -p**3 - 18*p**2 + 57*p - 15. Calculate d(-21).
111
Let n(w) = -w**3 + 195*w**2 + 591*w + 607. Give n(198).
13
Let w(v) = -2*v**2 + 338*v - 7892. Give w(141).
4
Let x(n) = 1060*n + 4314. What is x(-4)?
74
Let s(y) = y**2 - 104*y - 322. What is s(-3)?
-1
Let s(h) = -5*h**2 + 150*h - 443. What is s(3)?
-38
Let f(y) = -y**3 + 16*y**2 - 54*y + 909. Calculate f(16).
45
Let v(n) = 159*n + 4465. Give v(-28).
13
Let h(s) = s**3 + 35*s**2 + 18*s - 132. Calculate h(-34).
412
Let t(g) = 2*g**3 + 10*g**2 - 45*g + 32. Calculate t(-8).
8
Let l(y) = 5*y**2 - 31*y + 41. Give l(4).
-3
Let z(o) = 1115*o + 6669. Calculate z(-6).
-21
Let w(c) = 19*c - 57. Calculate w(4).
19
Let b(z) = -64*z + 185. Determine b(3).
-7
Let s(m) = 47*m + 10. What is s(-6)?
-272
Let b(l) = -l**2 - 25*l + 826. Give b(-50).
-424
Let l(n) = 192*n - 2461. Calculate l(12).
-157
Let o(q) = -30*q + 91. What is o(5)?
-59
Let f(x) = -46*x**2 - 275*x + 20. What is f(-6)?
14
Let a(t) = t**3 - 9*t**2 - 7*t + 1. What is a(6)?
-149
Let n(r) = r**2 - 38*r + 106. Calculate n(36).
34
Let w(x) = -13*x - 485. Determine w(-35).
-30
Let v(y) = -2840*y - 17055. Determine v(-6).
-15
Let t(l) = l**2 - 8*l - 8. Give t(7).
-15
Let d(p) = 234*p**2 - 901*p - 3. Give d(4).
137
Let k(j) = -2*j**2 - 2*j + 495. Calculate k(-15).
75
Let g(q) = 11*q**2 + 245*q + 801. What is g(-4)?
-3
Let x(n) = -2*n**2 + 4*n + 106. Give x(-6).
10
Let g(r) = 2*r**2 - 614*r - 3762. What is g(-6)?
-6
Let s(f) = -718*f - 18. Give s(0).
-18
Let y(h) = 2*h**3 + h**2 - 1. Calculate y(-1).
-2
Let j(f) = f**3 - 15*f**2 - 45*f + 184. Calculate j(17).
-3
Let y(m) = -2*m**3 - 16*m**2 - 15*m - 113. What is y(-8)?
7
Let a(f) = -194*f - 6473. Give a(-33).
-71
Let u(o) = -2*o**2 + 5*o + 50. What is u(13)?
-223
Let x(v) = 785*v + 12530. Determine x(-16).
-30
Let c(s) = -273*s - 6311. Calculate c(-23).
-32
Let o(i) = -i**3 + 87*i**2 + 244*i + 2332. Calculate o(90).
-8
Let z(l) = -86*l**2 - 9*l. Determine z(1).
-95
Let n(l) = -52*l**2 - 9044*l + 697. Give n(-174).
1
Let b(d) = 783*d**2 + 8*d + 10. Give b(-1).
785
Let i(n) = 4*n**2 - 7*n - 7. Determine i(-5).
128
Let l(g) = 5*g**2 - 18*g + 96. Determine l(11).
503
Let f(j) = 27*j - 302. Determine f(27).
427
Let w(r) = -11*r**3 - 2*r**2 - 20*r + 24. Calculate w(1).
-9
Let k(b) = 8*b + 3. What is k(4)?
35
Let s(p) = 75*p + 537. Calculate s(-6).
87
Let a(v) = 31*v**2 - 357*v - 28. Calculate a(10).
-498
Let m(b) = -16*b**2 - 141*b - 289. Give m(-2).
-71
Let m(c) = -3*c**2 + 1452*c - 19740. Calculate m(14).
0
Let f(u) = -u**3 - 28*u**2 - 118*u + 89. Calculate f(-6).
5
Let w(b) = b**2 - 827*b - 11. Give w(0).
-11
Let u(c) = -c**3 - 92*c - 179. Calculate u(-2).
13
Let x(a) = -143*a + 1163. What is x(8)?
19
Let s(d) = 291*d**3 + d**2 - 3*d - 3. Give s(-1).
-290
Let p(u) = -446*u + 1426. Calculate p(4).
-358
Let c(r) = -r**2 + 15*r + 29. Determine c(-2).
-5
Let d(z) = -4*z**3 + 221*z**2 - 54*z - 59. What is d(55)?
-4
Let k(o) = -31*o - 111. Give k(-4).
13
Let a(x) = -x**3 + 23*x**2 - 38*x - 88. What is a(21)?
-4
Let l(i) = i**3 + 17*i**2 + 8*i + 63. Calculate l(-17).
-73
Let v(y) = -y**2 - 67*y - 630. What is v(-14)?
112
Let u(p) = -24*p + 240. What is u(11)?
-24
Let j(d) = 399*d - 29917. Give j(75).
8
Let a(q) = 12*q**2 - 370*q - 41. What is a(31)?
21
Let b(r) = -339*r - 2027. What is b(-6)?
7
Let d(i) = -56*i + 40. Determine d(1).
-16
Let z(a) = -a**3 + 56*a**2 - 280*a - 29. Calculate z(50).
971
Let o(q) = -144*q**2 - 2*q - 9. Calculate o(-2).
-581
Let q(x) = -2*x**3 - 4*x**2 + 4*x + 26. Determine q(3).
-52
Let j(p) = 235*p + 25608. Determine j(-109).
-7
Let g(a) = 37*a - 1334. Give g(20).
-594
Let j(k) = -k**2 + 47*k - 30. Give j(42).
180
Let m(s) = -165*s + 748. Give m(12).
-1232
Let w(m) = 81*m + 303. Calculate w(-6).
-183
Let x(r) = -27*r + 396. Determine x(14).
18
Let w(g) = -14*g - 155. Give w(-2).
-127
Let h(m) = m**3 + 3*m**2 - 38*m + 60. Calculate h(3).
0
Let i(d) = 12*d**2 + 301*d + 914. Calculate i(-3).
119
Let d(v) = -v**3 - 7*v**2 - 55*v - 187. What is d(-4)?
-15
Let h(g) = -72*g + 2161. Give h(30).
1
Let p(n) = -2*n**2 - 12*n + 246. What is p(0)?
246
Let h(y) = y**2 + 92*y - 2233. Give h(20).
7
Let u(h) = 3*h**3 + 17*h**2 - 64*h - 351. Give u(-6).
-3
Let h(p) = 24*p**2 - p - 6. Calculate h(-2).
92
Let m(n) = 2*n**3 - 111*n**2 + 1382*n + 92. What is m(19)?
-3
Let n(r) = -2*r + 58. What is n(20)?
18
Let n(y) = -41*y**3 + 1967*y**2 + 40*y + 395. What is n(48)?
11
Let i(f) = -f**3 - 3*f**2 + 68*f - 23. What is i(-10)?
-3
Let s(v) = -61*v - 728. Determine s(-12).
4
Let x(z) = 316*z - 9. Determine x(0).
-9
Let g(o) = o**3 - 20*o**2 - 163*o + 2620. Calculate g(22).
2
Let o(z) = -22*z**2 + 356*z + 304. Determine o(17).
-2
Let r(c) = 3*c**2 + 56*c + 133. Determine r(-16).
5
Let w(i) = -201*i + 3202. Determine w(16).
-14
Let g(w) = w**2 + 51*w + 6. Give g(0).
6
Let f(t) = 3*t**2 + 9*t + 6. Give f(-6).
60
Let p(v) = -3479*v - 41775. Give p(-12).
-27
Let s(t) = 4*t**3 - 177*t**2 + 45*t - 46. What is s(44)?
-2
Let b(r) = 5*r - 89. Calculate b(12).
-29
Let s(q) = -59*q + 16. Determine s(1).
-43
Let w(r) = 7*r**2 - 193*r + 92. What is w(27)?
-16
Let s(c) = 1867*c - 7491. What is s(4)?
-23
Let d(q) = 40*q + 279. What is d(-7)?
-1
Let l(p) = -2*p**3 - 8*p**2 + 80*p - 47. Calculate l(5).
-97
Let s(d) = 55*d - 950. Calculate s(16).
-70
Let c(y) = 3*y**2 - 26*y + 37. Calculate c(6).
-11
Let l(c) = 8*c**2 + 116*c - 1968. What is l(10)?
-8
Let h(b) = 75*b - 1079. Give h(14).
-29
Let f(z) = 34*z**2 - 168*z - 332. What is f(-2)?
140
Let d(b) = -388*b + 6982. Give d(18).
-2
Let l(y) = -75*y + 339. Calculate l(7).
-186
Let y(x) = 24*x**2 + 854*x - 365. Give y(-36).
-5
Let q(b) = 35*b - 15. What is q(6)?
195
Let z(g) = -2*g**3 + 99*g**2 - 46*g - 50. Calculate z(49).
97
Let t(z) = -z**2 + 856*z - 5955. Give t(7).
-12
Let g(h) = 24*h - 68. Determine g(33).
724
Let l(b) = 1161*b + 10449. Determine l(-9).
0
Let l(f) = f**3 - 4*f**2 - 4*f + 93. What is l(9)?
462
Let p(y) = 3*y**3 - 138*y**2 + 136*y - 12. What is p(45)?
33
Let f(l) = -16*l + 202. Calculate f(7).
90
Let i(q) = 388*q + 12. Determine i(0).
12
Let d(u) = 6*u - 181. What is d(32)?
11
Let v(p) = -7*p**2 + 73*p - 149. Calculate v(8).
-13
Let g(p) = p**3 + 99*p**2 + 96*p - 339. Determine g(-98).
-143
Let y(d) = d**2 + 149*d + 4496. Give y(-107).
2
Let z(v) = -v**3 + 61*v**2 - 206*v + 1777. What is z(58)?
-79
Let v(n) = n**3 + 35*n**2 - 27*n + 329. Calculate v(-36).
5
Let u(p) = -517*p**3 - 4*p**2 - 6*p - 2. Determine u(-1).
517
Let d(b) = 75*b + 598. Give d(-8).
-2
Let t(x) = x**3 + 23*x**2 - 32*x - 191. What is t(-24)?
1
Let j(g) = -g**3 + 150*g**2 - 590*g + 854. Give j(146).
-22
Let j(b) = -b**2 - 21*b + 663. Calculate j(20).
-157
Let n(i) = i**3 - 58*i**2 - 100*i - 1180. Determine n(60).
20
Let g(o) = -3*o**2 - 167*o + 100. What is g(-56)?
44
Let b(j) = -j**3 + 8*j**2 - 39. Give b(7).
10
Let c(j) = 337*j + 331. What is c(-1)?
-6
Let i(w) = -29*w + 450. What is i(17)?
-43
Let l(g) = 8*g**2 - 778*g + 1530. What is l(2)?
6
Let p(k) = -k**2 - 44*k +